et t(y) = -35*y - 1. Let c be (-249)/6 - 7/((-98)/21). Let n be c/(-20) + (1 - 2). Calculate t(n).
-36
Suppose 9*f + 45 = 4*f. Let q = -4 - f. Suppose 3*k - 10 = 2*k - 2*d, 4*d - 6 = q*k. Let a(i) = -6*i - 1. Calculate a(k).
-13
Let a = -1 - 0. Let t = -723 + 730. Let q(n) = 12*n - 11*n - 6 + t + 0. Determine q(a).
0
Let v(j) = j**3 - 358*j + 367*j + 11*j**2 - 2 - 3. Suppose -2*u + 109 = -3*a - 0*a, 150 = -5*a - 3*u. Let l = a + 23. Determine v(l).
5
Let g(a) = a**2 - 16*a - 22. Suppose 1305 = -34*w + 1917. Calculate g(w).
14
Let n(v) = 3 - 10*v**2 - 2*v**3 + 3*v**3 + 7*v**2 - 3*v. Let a = -26 - -30. Calculate n(a).
7
Let m be 36/6 - (5 - -2). Let j be (0 + 1 + m)/(-19 - -17). Let i(n) = -n**3 + n**2 - n + 21. Determine i(j).
21
Let n(q) = -3*q**2 + 20*q - 20. Let c be n(5). Suppose 15 + 10 = 5*w. Let g(y) = 5*y**2 - 7 - 4*y - 3*y**2 + w - y**2. What is g(c)?
3
Let x(i) = -5*i + 51. Let y = -7860 - -7872. Determine x(y).
-9
Let i = 81 + -91. Let c(b) = -220*b**2 - 223*b**2 + 453*b**2 + b**3 + 12 + b. Give c(i).
2
Let c(v) = -4 - 58*v**2 - 5*v - 13*v + 1 + 4 + 60*v**2. Give c(9).
1
Let l(x) = -9*x**3 + 4*x**2 + 4*x. Let o be l(3). Let n = o - -186. Let a(s) = s**2 + 6*s - 14. Determine a(n).
13
Let v be 2*24*(-36)/(-192). Let b(c) be the first derivative of c**3/3 - 5*c**2 + 7*c + 3. Give b(v).
-2
Let r(g) = 0*g + 3*g + 0*g - 2*g - 2. Let q = 24 - 22. Let d be (-1)/q - 171/(-38). Give r(d).
2
Let h(u) = -u**2 + 23*u + 41. Let n be h(24). Let v(d) = -20*d + 11 + 11 + 2*d**2 + 14 + n*d - 38. Give v(-1).
3
Suppose -156 + 825 + 629 = 118*m. Let t(s) = s**3 - 10*s**2 - 10*s - 12. Give t(m).
-1
Let i = -3498 + 3497. Let u(x) = -12*x**2 + 3*x + 3. Calculate u(i).
-12
Let v(g) = g**3 + 6*g**2 - 13*g + 17. Let s(u) = -6*u - 109. Let q be s(-17). Calculate v(q).
59
Let k(h) = -212*h**2 + h - 1. Let z(i) = -1061*i**2 - 9*i + 5. Let x(q) = -5*k(q) + z(q). Suppose 0 = s - 2*l + 13, l + 4*l = -4*s - 65. What is x(s)?
-5
Let s(z) = 10*z**2 - 2*z. Let o = -4830 - -4832. What is s(o)?
36
Let n(f) = f**2 + 3*f - 16. Let t be n(-6). Let a(s) = -22*s + 2. Let p(l) = 19*l - 2. Let o(w) = -4*a(w) - 5*p(w). Give o(t).
-12
Let l(j) be the first derivative of j - 1/3*j**3 - 1/2*j**2 - 45. Determine l(0).
1
Suppose -14 - 139 = 3*c. Let k = -53 - c. Let g(a) = -16*a + 12. Let t(h) = -h + 1. Let y(z) = g(z) - 10*t(z). Give y(k).
14
Let t(h) = h**3 - 6*h**2 + 5*h - 1. Let x be ((-35)/10 + 1)*88/(-10). Suppose 0 = -26*i + x*i + 20. Calculate t(i).
-1
Suppose -5*d + o = 8, -5*o + 33 = 4*d + 22. Let h(f) = 2*f. Determine h(d).
-2
Let v(f) = -f**3 + 7*f**2 - 7. Suppose -x - j = -4, -125 = -x + 4*j - 116. Give v(x).
43
Let g(r) = 9*r**3 + 2*r + 8*r**3 + 1 - 5*r**3. Let n be (-486)/(-48) + -2*(-2)/(-32). Suppose 16 = -6*j + n. Determine g(j).
-13
Let f(n) = -n**3 + 3*n**2 + 16*n. Let k be f(6). Let y be 3/(1*(2 - (-20)/k)). Let m(c) = 1 + 7*c**2 + 7 - y. Determine m(-1).
6
Let p be 3*((-14)/6 - -3). Let k(n) = -4*n - 2*n**2 + 3*n**2 - 3 + n**p. Let i be (8 - 6) + 8/12*-6. Give k(i).
13
Suppose -8*k - 42 = -k. Let j be 2*(9/27)/((-1)/k). Let q(l) = -6*l**2 + 3*l. Let h(n) = -7*n**2 + 3*n + 1. Let b(r) = 5*h(r) - 6*q(r). Give b(j).
9
Let r be (-6)/(-21) + (-305)/(-35). Suppose -6*u = -r*u + 15. Let n(w) = w + 6. Give n(u).
11
Let u(q) = -2*q**3 - 19*q**2 + 16*q + 222. Let v be u(-9). Let h(j) = 36*j + 116. Determine h(v).
8
Let b(p) be the third derivative of p**5/60 + p**3 - p**2 + 13*p. Let t(l) = l + 10. Suppose 3*a = 2*a - 10. Let r be t(a). Calculate b(r).
6
Let k(v) = -v**3 - 13*v**2 - 11*v + 8. Suppose 0 = -6*l + 3*l + 1332. Suppose -10*d - l = 27*d. Calculate k(d).
-4
Let y(n) = n + 2. Suppose 2*t + 3 = -1. Let j be t/4*(6 + -60). Let k be ((-20)/12)/5*j. Give y(k).
-7
Suppose -36*i + 513 = -27*i. Let c be ((-19)/i)/((-1)/12). Let f(p) = -p - 3. Determine f(c).
-7
Let x(j) = -j**3 - 5*j**2 - 60*j - 167. Let u be x(-3). Let p(i) = i**2 + 2*i. Calculate p(u).
15
Let m(n) = n**2 + n. Let r(s) = 2*s**2 + 2*s - 9. Let t(b) = -m(b) + r(b). Let g be t(3). Let o(c) = 3*c - g*c**2 - 3*c - 2*c + 7*c**2 - 1. Determine o(-1).
5
Let j(z) = 2*z**2 - 3*z. Let x be j(2). Let q(f) = -f**3 + 7*f**2 - 4 + x - 1. Let n(v) = -16*v**3 + 1103*v**2 + 58*v + 766. Let h be n(69). Give q(h).
-3
Let o(b) = 13 + 4*b - b - 8 - 2 + b. Let t(l) = -2*l - 3. Let w(j) = -3*o(j) - 2*t(j). Give w(-4).
29
Let z(a) be the third derivative of 4*a**5/15 - a**4/12 - a**3/6 - a**2 - a. Let c(n) = -2*n**2. Let g(j) = 2*c(j) + z(j). Determine g(-1).
13
Let z be 4/(22*-2) + 323/627*-27. Let b(d) = -d**3 - 15*d**2 - 14*d + 12. Determine b(z).
12
Let s = 290 + -287. Let d(x) = 15 - 5 + 2*x + s*x + 4*x - 7*x. Determine d(-12).
-14
Let g(f) = -f**2 - 13*f + 85. Let y be g(-18). Let b be (y/(-20)*2)/(6/(-48)). Let n(a) = 2*a**2 + 10*a + 3. What is n(b)?
-5
Let q be 1 + -1 - (-5 - -2). Let v(p) be the first derivative of 2*p**2 - 4*p - 20. Determine v(q).
8
Let t(g) = -5*g**2 + 52*g - 3. Let i(v) = -9*v**2 + 95*v - 8. Let n(k) = 4*i(k) - 7*t(k). Determine n(9).
52
Let k(d) = d**2 - 6*d - 2. Let n(m) = 2*m + 141. Let o be n(-31). Suppose -o = -11*r - 2. Give k(r).
5
Let s(c) = -2*c**2 - 4*c - 1. Let h be s(-3). Let z(j) = j**2 + 13*j + 14*j - 9 + 9*j - 1 - 28*j. Give z(h).
-17
Suppose -3*j - 365 = -5*a + 211, -5*j = 3*a - 332. Let k be (a/(-12) - -10)/(1/(-12)). Let q(s) = -s**3 - 8*s**2 - 13*s - 7. What is q(k)?
-1
Suppose -4*r + 7*r - 31 = -5*q, -2*q = -2*r - 6. Let w(v) = 2*v - 19. Let b(y) = y - 10. Let t(m) = q*b(m) - 3*w(m). Let o = 25624 + -25618. Calculate t(o).
1
Let z(k) = 400*k + 4001. Let g be z(-10). Let q(v) = -75*v + 63. Calculate q(g).
-12
Let m = 18423 + -18427. Let w(j) = -2*j**3 - 5*j**2 - 11*j - 20. Give w(m).
72
Let w(g) = 5. Let x(h) = h - 6. Let j(f) = 4*w(f) + 3*x(f). Let c = 37726 - 37723. What is j(c)?
11
Let o(i) = -i**3 - 11*i**2 - 13*i - 11. Let v = 4690 - 4700. Give o(v).
19
Let n(a) = -66*a**2 + 2*a + 98. Let u(f) = 151*f**2 - 5*f - 229. Let v(p) = -16*n(p) - 7*u(p). What is v(7)?
7
Let s(y) = -14*y + 76. Let v(a) = -39*a + 216. Let k(h) = -17*s(h) + 6*v(h). Let x be (0 - (0 - 1))*-4. What is k(x)?
-12
Let b(x) be the first derivative of x**3 + x**2 + x + 16997. Suppose 0 = -4*s - 10 - 2. Give b(s).
22
Let a(z) = 3*z - 31*z**2 - 40*z**2 + 72*z**2 - 10 - z. Give a(-8).
38
Let t(b) = 7*b - 248. Let y(l) = 11*l - 369. Let m(h) = -8*t(h) + 5*y(h). Determine m(0).
139
Let x(l) be the third derivative of -l**5/30 - 5*l**4/6 - 4*l**3/3 + 67*l**2 + 5*l + 1. Calculate x(-14).
-120
Let q(c) = -129 + c**2 + 42 - 33 + c**2 - 4*c**2 - 46*c. Give q(-3).
0
Let o(l) = -19*l - 164. Let c = 6332 - 6341. Give o(c).
7
Let h(f) be the first derivative of 9*f**4/4 + 2*f**3/3 + f**2 + 3*f + 10859. Determine h(-2).
-65
Let g(k) = 11*k**3 + 11*k**2 - 12. Suppose 4*y - 3*m = -y + 20, -20 = -5*y - 4*m. Let w(i) = -5*i**3 - 5*i**2 + 6. Let p(u) = y*g(u) + 9*w(u). Give p(0).
6
Let t(o) = -81*o + 118. Let m(h) = 103*h - 119. Let j(v) = 4*m(v) + 5*t(v). What is j(-15)?
9
Let y be 2 + -2 + 4 - (-6 + -1). Let n(l) = -6*l**3 - 5. Let a(h) = -h**3 - 1. Let m(i) = y*a(i) - 2*n(i). Give m(1).
0
Let v(q) = 5*q**3 + 1. Let f = 22 - -5. Let n be (-3)/(f/11) + (-2)/(-9). Determine v(n).
-4
Let n(t) = 26 - 34*t + 5*t + 9*t + 14*t. Determine n(0).
26
Let i(b) = b**2 + 4. Let f(p) = 5*p**2 - 21*p + 4. Let d(x) = f(x) - 4*i(x). Determine d(20).
-32
Let v(z) be the third derivative of 3*z**6/20 + z**5/30 + z**4/12 - 1573*z**2. Calculate v(-1).
-18
Let i be ((-36)/15 - -2)/(6/(-30)). Let p be -9 - i - (-2 - 0). Let y(x) = -x**2 + 0*x - 9 - 8*x - 2*x + 0*x**2. Calculate y(p).
0
Let z = -930 + 921. Let a be -33*(33/z)/11. Let v(j) = -j**2 + 8*j + 11. Determine v(a).
-22
Let t = 40 + -29. Let m(v) = 3*v**3 + 11*v**2 + 40 - 2*v**3 - 99 + 18 - 2*v**3 + v + 20. Give m(t).
-10
Let o(y) = 1495127 - y - 1495127. Let v = 2 + -4. What is o(v)?
2
Let y be 22*1/10 + (-2)/10. Let f(b) = 130*b + 4 - 267*b + 135*b + 2*b**y. Let k be f(2). Let d(o) = -o**3 + 8*o**2 - 2*o + 11. Determine d(k).
-5
Let k(m) = 9*m + 9*m - 6*m + 7*m**2 + 2 - 8*m**2. Let z = -274 + 286. Determine k(z).
2
Let w(a) = 2*a - 3. Let b = -391 + 154. Let s = b + 243. Give w(s).
9
Let n(s) = 13*s - 2. Let k = 1725 - 1728. Determine n(k).
-41
Suppose -9*n + 25 = -4*n. Let f(w) = -3*w